. Let r(f) = -f**2 - 8*f - 12. Let l be r(o). Give y(l).
-3
Let l(z) = 21 - 2*z**3 + 8 + 57*z**2 - z - 21*z**2 + 0*z - 6. Determine l(18).
5
Let s be ((-6)/(-4))/(3/42). Suppose 4*k = -5 + s. Let r(b) = -12 + k*b**2 + 17 + 0*b**2 - 2*b - b + b**3. What is r(-5)?
-5
Let r be (245/(-10))/(-7) - 3/6. Let s be (2/r)/((-18)/81). Let o(g) = -g + 1. Let q(k) = 4*k - 2. Let w(d) = -7*o(d) - 2*q(d). Give w(s).
0
Let z(r) = r**3 + 5*r**2 + 3*r - 5. Let j = -364 + 360. What is z(j)?
-1
Let j(l) = l**3 + 5*l**2 - 8*l - 6. Let f be j(-5). Let s = f + -35. Let o(t) = t - 1. Determine o(s).
-2
Let z(b) = b + 2 - 5 + 0 - 2*b. Let a(j) = j**3 + 4*j**2 + 4*j + 8. Let n be a(-3). What is z(n)?
-8
Let l(y) = -y**2 + 5*y - 8. Let u = -1 - -6. Suppose -4*f - 5*n + 44 = 0, -2*f = -6*f + u*n + 4. Calculate l(f).
-14
Let y(q) be the third derivative of 1/120*q**6 - 1/3*q**3 + 1/8*q**4 - 1/20*q**5 + 0 + 0*q - 8*q**2. Let i = 3 + -1. Determine y(i).
0
Let i(r) = 36*r**3 - 2*r**2 + r. Let l be (13/(-78))/(1/(-6)). Give i(l).
35
Let s(u) be the third derivative of -u**4/3 - 203*u**2. Give s(1).
-8
Let m(t) = 2*t**3 + 5*t**2 + 3*t + 3. Let j(c) = -c**3 - c**2 + c. Let i(z) = j(z) + m(z). Let k = -1 - 1. What is i(k)?
3
Let j = 8 + -5. Let c(o) = -j*o**3 - 2*o**3 + o**2 + 8*o**3. Let n be ((-1)/(-3))/((-8)/24). Calculate c(n).
-2
Let o(a) = 3*a**3 + a. Let m(l) = -16*l**3 + 10*l**2 - 3*l - 14. Let p(v) = -m(v) - 5*o(v). Calculate p(10).
-6
Let u(o) = o - 6. Let f(y) = -2*y + 7. Let b = 4 + -7. Let s be (-1)/b + 16/6. Let g(c) = s*f(c) + 4*u(c). Give g(-4).
5
Let y be (-24)/6 + 0 + 8. Let m be (-6)/(-8)*y*6. Suppose -5*a + 12 + m = 0. Let x(p) = -p**2 + 6*p + 5. Determine x(a).
5
Let m be (-2)/(-2 + 0) + -21. Let b(i) = -i**2 - 3*i + 12. Let y be b(4). Let w = m - y. Let p(c) = c**2 + 4*c + 5. Determine p(w).
5
Let w(l) be the third derivative of -5*l**4/24 - l**3/2 + 14*l**2. Let v be w(-2). Let b(c) = -c + 12. Give b(v).
5
Let q(g) = g**3 + g**2 + g - 3. Let z be q(0). Let t(b) = 667 + 669 - 2000 + b + 668. Determine t(z).
1
Let j(t) be the second derivative of 0 - 5/2*t**2 - 1/6*t**3 - 2*t. Let o be (-18)/5 - (-10)/(-25). Give j(o).
-1
Let o(y) = 2*y + 1. Suppose 14 = -3*x - a, -5*x = -4*a - 11 + 40. Let f be -1*(-4)/(-2) - x. What is o(f)?
7
Let g(h) = 19*h + 0*h**2 + h**2 - 21 + 3*h**2 - 2*h**2 - 3*h**2. Give g(18).
-3
Let m be 6/18*-6 - 3. Let x(a) = -a**3 - 6*a**2 - 6*a - 4. Determine x(m).
1
Let o(k) = -k**2 + 3*k - 4. Let x(v) = -4*v**2 - 4*v. Let w be x(-3). Let h be 76/(-133) - (w/(-7) - 1). Calculate o(h).
-22
Let r(s) = -s**2 - s - 2. Let q be r(3). Let d = q - -12. Let c be 105/(-7)*d/(-6). Let m(l) = l - 1. Calculate m(c).
-6
Let l(w) be the first derivative of -w**3/3 + 7*w**2/2 - 6*w + 1653. Suppose -c + 2*y = -6 - 1, -5*c + 3 = -2*y. Let h be (c/2)/((-2)/16). Calculate l(h).
6
Let w(z) = -z + 1. Let p(m) = -3*m + 5. Let l(o) = o**2 + 6*o - 3. Let a be l(-7). Let x(i) = a*w(i) - p(i). Determine x(-3).
2
Let r be -1 + (0 - -5)/1. Suppose -2*i + 2 = -2*z, 0*i - 5*i = r*z - 5. Suppose z = -11*v + 10*v - 6. Let k(y) = -y**3 - 7*y**2 - 5*y + 6. Give k(v).
0
Suppose -f - 56 = -6*f - 4*z, -3*z + 52 = 5*f. Let y = -2 + f. Let r(w) = w**2 + 2*w. Let x(j) = -j**2 + j + 2. Let d(b) = r(b) + 2*x(b). Calculate d(y).
-8
Let c(d) = -444*d + 6 + 0*d**2 + 438*d - d**2. Give c(-6).
6
Let x = -17 + 9. Let c(w) = w**2 + 11*w + 1. Determine c(x).
-23
Let h(k) = 12*k + 23*k + 10*k**2 + 2 - 32*k - k**3 - 7. Calculate h(10).
25
Let q(z) = -z + 3. Let n(l) = 4*l - 2*l - 13 + 10. Let b be n(10). Suppose -2*v = -s + 13, 0 = -4*s + 5*v + b + 20. What is q(s)?
0
Let g(j) = -j**3 + j**2 + j. Suppose -13*l = -14*l + 2. Calculate g(l).
-2
Let r(d) = -d**3 - 14*d**2 - 12*d - 1. Suppose 37*g = 38*g + 5*k + 28, 5*k + 67 = -4*g. Determine r(g).
-14
Suppose -14*s + 17*s - 9 = 0. Let n(f) = 14*f + 1 - 2*f**2 - 2*f**2 + s*f**2 - 17. Let v be n(13). Let c(j) = -2*j. Calculate c(v).
6
Let c(v) be the second derivative of v + 1/6*v**3 + 0 - v**2. Suppose 102*g + 882 = -36*g + 330. Calculate c(g).
-6
Let u(r) = r**3 - 2 - 2*r - 3*r + 0 + 2*r + 7*r**2. Give u(-8).
-42
Let d(y) = -16*y**2 - 25*y - 40. Let i(p) = -7*p**2 - 12*p - 19. Let k(a) = 4*d(a) - 9*i(a). Calculate k(9).
2
Let q(j) = j**3 - 6*j**2 + 6*j - 1. Let o be q(5). Let p = -2 - o. Let t(a) = a**3 + 5*a**2 - 8*a - 1. Determine t(p).
11
Let w(i) be the second derivative of i**5/20 - i**4/2 + 2*i**3/3 - i**2 + 15*i. Suppose 3*s + 2*n = 17, 4*s + 2*n - 9 - 13 = 0. Determine w(s).
-7
Let x be -2 + 0 + 4 + -2. Suppose 5*k = -x*k + 40. Let j be (1 + 1)*(-4)/k. Let p(z) = 2*z**2 - z. What is p(j)?
3
Let k(p) = 11*p + 9 + 9*p - 18*p + 5*p + p**2. Let q be k(-4). Let f(d) = 2*d**2 - 3*d - 3. What is f(q)?
24
Let g(x) = x**2 + 6*x + 3. Let y(t) = -2*t**2 + 8*t - 7. Let o be y(6). Let d be o/6 - 6/(-36). Determine g(d).
-2
Let i(x) = x**3 + x - 12. Suppose 5*m - 6*m = 0. Give i(m).
-12
Let j(i) = 27267*i - 2*i**3 - 54529*i + 27265*i + 11*i**2 + i**3 - 25. Calculate j(11).
8
Let l(n) = -7*n**2 + n. Let c be (-72)/18*122/(-8). Let r = -60 + c. Calculate l(r).
-6
Suppose 0 = -h - 2*a + 2, 2*h = h - 4*a + 2. Let i(l) = -18*l + 17*l + 2*l**2 - l**h. Give i(4).
12
Let v(y) = -y**3 - 8*y**2 + y + 6. Let c be v(-8). Let k(g) be the first derivative of 2*g**2 + g - 91. What is k(c)?
-7
Suppose -t + 7*t - 168 = 0. Let m = t - 26. Let h(j) be the first derivative of j**2 - j - 1. What is h(m)?
3
Let m be 1 - (0 + -5 - -2). Suppose -2*d - 16 = m*n, -23 = d + 6*n - n. Let z(h) = 3 + h**3 + 7*h**d - 6*h - 2*h**3 + 3. Calculate z(6).
6
Let m(g) = -20*g + 110. Let r be m(6). Let n(s) = -s - 14. Calculate n(r).
-4
Let d(a) be the third derivative of a**6/120 - a**5/30 + a**4/12 - 34*a**2 + 2. Suppose -r = 4, -3*f + 31 = 2*f - 4*r. Determine d(f).
15
Let j(u) = u**3 + u**2 + u. Suppose -14 = -5*r - 34. Let z be -1*(r + 5)*0. Give j(z).
0
Let o be (-50)/20*4/(-5). Suppose -5*h + 4*h - 4 = 2*u, -4*h + 14 = o*u. Let c(k) = k**3 - 5*k**2 - 7*k - 2. Determine c(h).
-8
Let r(g) be the second derivative of -g**3/6 + 3*g**2/2 - 70*g + 2. Give r(8).
-5
Let a = -163 + 169. Let r(s) = 2*s + 3. Give r(a).
15
Let l(w) = -2*w**2 - w + 4. Suppose 3*q = b + 6*q - 2, -4 = 2*b + 2*q. Give l(b).
-24
Suppose -10 = 3*k + 4*d, -18 = -3*k + 4*d - 20. Let y(q) = 8*q**2 - 2. Determine y(k).
30
Let h(z) = -5*z**3 - 17*z**2 - 8*z + 3. Let t(p) = -2*p**3 - 6*p**2 - 3*p + 1. Let b(k) = 3*h(k) - 8*t(k). Calculate b(2).
-3
Let w(o) = o**3 + 6*o**2 - 3*o + 3. Suppose 0 = 2*j + 10, -57 = 5*q + j - 17. What is w(q)?
-25
Let f(l) be the first derivative of l**3/3 + l**2 + 19*l + 49. Calculate f(0).
19
Let p(s) = -s**2 + 2. Let k be p(4). Let i(o) = o + 20. Let b be i(k). Let g(x) = x + 11. Let t(j) = 6. Let w(h) = -2*g(h) + 5*t(h). Calculate w(b).
-4
Let b be 5/20*((-40)/15)/(-4). Let m(a) be the second derivative of b*a**3 + 6*a + 0*a**2 + 0. Determine m(1).
1
Suppose j - 5*j - 8 = 0. Let u = j - 3. Let v(g) = -g**3 - 6*g**2 - 8*g - 9. Let p be v(u). Let x(i) = -i**3 + 7*i**2 - 8*i + 7. Determine x(p).
-5
Let c be 4 - 1 - 1*-1*3. Suppose -s - c = -2*t + 2, 0 = -3*s + 2*t - 24. Let x(q) = q**3 + 7*q**2 - 7*q + 2. Calculate x(s).
-6
Let w(h) be the first derivative of h**4/4 + 7*h**3/3 - 6*h - 62. Calculate w(-7).
-6
Let r(p) be the second derivative of p**3/3 - 9*p**2/2 + 105*p. What is r(7)?
5
Let x = -6 + 10. Let c(u) be the first derivative of 2*u**3/3 - 3*u**2/2 + 6*u + 359. Calculate c(x).
26
Let z(o) = -15*o. Let m(f) = f**2 + 3*f - 27. Let b be m(4). Give z(b).
-15
Let m(d) be the third derivative of d**4/24 - 13*d**3/6 + 3*d**2. Let s be m(16). Let w(r) = -2 + 7 - 7*r - 3*r**3 + 4*r**s + 6*r. What is w(0)?
5
Let d(u) be the second derivative of u**5/24 - 13*u**3/3 - 17*u - 1. Let n(j) be the second derivative of d(j). Determine n(-1).
-5
Let h(u) = 1 - 9 + 4*u - 3*u + 7. Give h(8).
7
Let k(q) = -q + 6. Let n = -9 + 17. Suppose -3*h + n = h. Suppose 2*i = 5*v + 10, -v - 13 = -3*i + h. Calculate k(i).
1
Let o(p) = 6*p**2 - 3*p - 12. Let c be o(-2). Let b(i) = 3 - 21*i + c*i + 4*i**2 - 6*i**2. Give b(-3).
-6
Let y = -2215 + 2212. Let q(a) = a**2 + 15*a + 34. Give q(y).
-2
Let c(u) = -412*u**3 - 6*u**2 + 2 + 3*u + 3 + 413*u**3. Calculate c(4).
-15
Let p be (-13 - 10088/(-960)) + 5/2. Let c(i) b